 of 54633440?
3
What is the hundred millions digit of 443270033?
4
What is the ten millions digit of 2511212835?
1
What is the hundreds digit of 165445251?
2
What is the hundred thousands digit of 57888402?
8
What is the millions digit of 2956209070?
6
What is the units digit of 73703790?
0
What is the hundred millions digit of 356181487?
3
What is the hundreds digit of 2796858931?
9
What is the thousands digit of 7205582?
5
What is the hundreds digit of 383198771?
7
What is the units digit of 284514615?
5
What is the ten thousands digit of 286099128?
9
What is the millions digit of 310419172?
0
What is the hundred millions digit of 425793802?
4
What is the hundred millions digit of 2747367690?
7
What is the hundreds digit of 13943246?
2
What is the thousands digit of 2996870502?
0
What is the hundreds digit of 262976279?
2
What is the units digit of 324572668?
8
What is the tens digit of 30576816?
1
What is the hundred millions digit of 261827208?
2
What is the hundred thousands digit of 1291566589?
5
What is the hundred thousands digit of 28523737?
5
What is the hundred thousands digit of 994407968?
4
What is the tens digit of 2730469068?
6
What is the hundred thousands digit of 207773074?
7
What is the tens digit of 2087556716?
1
What is the hundred thousands digit of 302304719?
3
What is the ten thousands digit of 498229100?
2
What is the hundred millions digit of 2226118834?
2
What is the hundred thousands digit of 652327612?
3
What is the ten millions digit of 1206608070?
0
What is the hundred millions digit of 366068383?
3
What is the ten millions digit of 62016698?
6
What is the units digit of 171027903?
3
What is the units digit of 1000258433?
3
What is the hundred thousands digit of 178926723?
9
What is the thousands digit of 1316923800?
3
What is the units digit of 2268971596?
6
What is the hundreds digit of 5056517176?
1
What is the hundred thousands digit of 952609020?
6
What is the hundreds digit of 404765289?
2
What is the ten millions digit of 53256943?
5
What is the units digit of 170908293?
3
What is the hundred thousands digit of 224407672?
4
What is the ten millions digit of 2912084343?
1
What is the billions digit of 1955551580?
1
What is the ten thousands digit of 448708584?
0
What is the units digit of 439247981?
1
What is the billions digit of 1625310397?
1
What is the ten millions digit of 5153332617?
5
What is the ten thousands digit of 1132054737?
5
What is the units digit of 98274323?
3
What is the units digit of 64080472?
2
What is the thousands digit of 19305021?
5
What is the tens digit of 295884180?
8
What is the units digit of 205384196?
6
What is the tens digit of 90719269?
6
What is the tens digit of 65228709?
0
What is the hundred millions digit of 388699533?
3
What is the millions digit of 113221171?
3
What is the ten millions digit of 4959763187?
5
What is the tens digit of 120672458?
5
What is the hundred millions digit of 8541727122?
5
What is the hundreds digit of 43670707?
7
What is the tens digit of 68806571?
7
What is the units digit of 436624638?
8
What is the units digit of 198026749?
9
What is the ten millions digit of 2937350420?
3
What is the hundred thousands digit of 49002138?
0
What is the units digit of 2140938143?
3
What is the thousands digit of 170825693?
5
What is the hundred thousands digit of 87949114?
9
What is the billions digit of 1466198997?
1
What is the millions digit of 427372483?
7
What is the millions digit of 1620125147?
0
What is the ten thousands digit of 4430630227?
3
What is the hundreds digit of 51111045?
0
What is the millions digit of 590408023?
0
What is the hundred thousands digit of 606209548?
2
What is the hundred millions digit of 880791180?
8
What is the units digit of 48328503?
3
What is the ten thousands digit of 67299391?
9
What is the ten millions digit of 1053782313?
5
What is the ten thousands digit of 182382467?
8
What is the ten thousands digit of 1011032585?
3
What is the billions digit of 4594458975?
4
What is the tens digit of 180271161?
6
What is the tens digit of 316861207?
0
What is the hundred thousands digit of 1127052530?
0
What is the ten millions digit of 56349498?
5
What is the ten millions digit of 158666574?
5
What is the ten millions digit of 7614138383?
1
What is the ten thousands digit of 585740991?
4
What is the ten millions digit of 2104125675?
0
What is the tens digit of 170812211?
1
What is the hundred millions digit of 3505347453?
5
What is the millions digit of 52039435?
2
What is the hundred thousands digit of 404649961?
6
What is the thousands digit of 92605504?
5
What is the ten thousands digit of 226137976?
3
What is the tens digit of 92719733?
3
What is the hundreds digit of 47011421?
4
What is the millions digit of 98509273?
8
What is the tens digit of 1635085?
8
What is the ten millions digit of 2471198015?
7
What is the hundred thousands digit of 24552255?
5
What is the thousands digit of 511700023?
0
What is the units digit of 68184862?
2
What is the hundred thousands digit of 1170580343?
5
What is the thousands digit of 97749089?
9
What is the tens digit of 77582989?
8
What is the hundred millions digit of 249224176?
2
What is the tens digit of 24734622?
2
What is the ten thousands digit of 699562204?
6
What is the thousands digit of 146834325?
4
What is the hundred thousands digit of 519886154?
8
What is the tens digit of 431347245?
4
What is the hundreds digit of 14573891?
8
What is the hundred millions digit of 520398989?
5
What is the tens digit of 1775659920?
2
What is the units digit of 315434655?
5
What is the ten thousands digit of 590728967?
2
What is the hundred millions digit of 1553655484?
5
What is the units digit of 429330272?
2
What is the thousands digit of 32734259?
4
What is the ten thousands digit of 160798491?
9
What is the hundreds digit of 40821325?
3
What is the ten thousands digit of 22468213?
6
What is the billions digit of 1191972540?
1
What is the millions digit of 536629513?
6
What is the units digit of 297142213?
3
What is the hundred thousands digit of 36495251?
4
What is the ten thousands digit of 601760163?
6
What is the tens digit of 42988582?
8
What is the millions digit of 3131954974?
1
What is the ten thousands digit of 396699959?
9
What is the billions digit of 1491365645?
1
What is the ten thousands digit of 3265289?
6
What is the units digit of 202868?
8
What is the tens digit of 551910898?
9
What is the tens digit of 101052244?
4
What is the tens digit of 776677987?
8
What is the ten thousands digit of 1678146020?
4
What is the ten thousands digit of 26748164?
4
What is the ten thousands digit of 8340884?
4
What is the thousands digit of 33959739?
9
What is the thousands digit of 694121457?
1
What is the millions digit of 555662007?
5
What is the thousands digit of 11512800?
2
What is the hundred thousands digit of 568921497?
9
What is the hundreds digit of 6386677609?
6
What is the hundred millions digit of 3593026807?
5
What is the ten millions digit of 95300445?
9
What is the thousands digit of 758688623?
8
What is the ten thousands digit of 3240080?
4
What is the thousands digit of 2992566761?
6
What is the hundred thousands digit of 414277811?
2
What is the ten millions digit of 40050767?
4
What is the thousands digit of 4217685509?
5
What is the hundred millions digit of 287780579?
2
What is the thousands digit of 91135130?
5
What is the tens digit of 496601385?
8
What is the hundreds digit of 180434619?
6
What is the millions digit of 577665165?
7
What is the ten thousands digit of 6819279?
1
What is the hundreds digit of 259459591?
5
What is the hundreds digit of 140108059?
0
What is the thousands digit of 106879139?
9
What is the ten millions digit of 9782227614?
8
What is the units digit of 325622592?
2
What is the hundreds digit of 132643009?
0
What is the ten millions digit of 3647526725?
4
What is the hundred millions digit of 136292494?
1
What is the ten millions digit of 1484455727?
8
What is the ten thousands digit of 105293657?
9
What is the ten millions digit of 254523939?
5
What is the hundred thousands digit of 29009187?
0
What is the hundreds digit of 876735675?
6
What is the units digit of 118943301?
1
What is the hundreds digit of 46895434?
4
What is the t